{"id":28,"date":"2025-07-22T18:14:04","date_gmt":"2025-07-22T18:14:04","guid":{"rendered":"https:\/\/valtechbrindes.com.br\/blog\/?page_id=28"},"modified":"2025-07-22T18:14:57","modified_gmt":"2025-07-22T18:14:57","slug":"home","status":"publish","type":"page","link":"https:\/\/valtechbrindes.com.br\/blog\/","title":{"rendered":"Home"},"content":{"rendered":"","protected":false},"excerpt":{"rendered":"","protected":false},"author":1,"featured_media":0,"parent":0,"menu_order":0,"comment_status":"closed","ping_status":"closed","template":"index.php","meta":{"footnotes":""},"class_list":["post-28","page","type-page","status-publish","hentry"],"yoast_head":"<!-- This site is optimized with the Yoast SEO plugin v27.2 - https:\/\/yoast.com\/product\/yoast-seo-wordpress\/ -->\n<title>Blog Valtech Brindes | Estrat\u00e9gias de Fideliza\u00e7\u00e3o e Prospec\u00e7\u00e3o<\/title>\n<meta name=\"description\" content=\"Explore o blog da Valtech Brindes e encontre artigos, dicas e estrat\u00e9gias para usar brindes corporativos de forma inteligente, fidelizar clientes e conquistar novos mercados.\" \/>\n<meta name=\"robots\" content=\"index, follow, max-snippet:-1, max-image-preview:large, max-video-preview:-1\" \/>\n<link rel=\"canonical\" href=\"https:\/\/valtechbrindes.com.br\/blog\/\" \/>\n<meta property=\"og:locale\" content=\"pt_BR\" \/>\n<meta property=\"og:type\" content=\"article\" \/>\n<meta property=\"og:title\" content=\"Blog Valtech Brindes | Estrat\u00e9gias de Fideliza\u00e7\u00e3o e Prospec\u00e7\u00e3o\" \/>\n<meta property=\"og:description\" content=\"Explore o blog da Valtech Brindes e encontre artigos, dicas e estrat\u00e9gias para usar brindes corporativos de forma inteligente, fidelizar clientes e conquistar novos mercados.\" \/>\n<meta property=\"og:url\" content=\"https:\/\/valtechbrindes.com.br\/blog\/\" \/>\n<meta property=\"og:site_name\" content=\"Valtech Brindes | Blog\" \/>\n<meta property=\"article:modified_time\" content=\"2025-07-22T18:14:57-03:00\" \/>\n<meta name=\"twitter:card\" content=\"summary_large_image\" \/>\n<script type=\"application\/ld+json\" class=\"yoast-schema-graph\">{\"@context\":\"https:\/\/schema.org\",\"@graph\":[{\"@type\":\"WebPage\",\"@id\":\"https:\/\/valtechbrindes.com.br\/blog\/\",\"url\":\"https:\/\/valtechbrindes.com.br\/blog\/\",\"name\":\"Blog Valtech Brindes | Estrat\u00e9gias de Fideliza\u00e7\u00e3o e Prospec\u00e7\u00e3o\",\"isPartOf\":{\"@id\":\"https:\/\/valtechbrindes.com.br\/blog\/#website\"},\"datePublished\":\"2025-07-22T18:14:04-03:00\",\"dateModified\":\"2025-07-22T18:14:57-03:00\",\"description\":\"Explore o blog da Valtech Brindes e encontre artigos, dicas e estrat\u00e9gias para usar brindes corporativos de forma inteligente, fidelizar clientes e conquistar novos mercados.\",\"breadcrumb\":{\"@id\":\"https:\/\/valtechbrindes.com.br\/blog\/#breadcrumb\"},\"inLanguage\":\"pt-BR\",\"potentialAction\":[{\"@type\":\"ReadAction\",\"target\":[\"https:\/\/valtechbrindes.com.br\/blog\/\"]}]},{\"@type\":\"BreadcrumbList\",\"@id\":\"https:\/\/valtechbrindes.com.br\/blog\/#breadcrumb\",\"itemListElement\":[{\"@type\":\"ListItem\",\"position\":1,\"name\":\"In\u00edcio\",\"item\":\"https:\/\/valtechbrindes.com.br\/blog\/\"},{\"@type\":\"ListItem\",\"position\":2,\"name\":\"Home\"}]},{\"@type\":\"WebSite\",\"@id\":\"https:\/\/valtechbrindes.com.br\/blog\/#website\",\"url\":\"https:\/\/valtechbrindes.com.br\/blog\/\",\"name\":\"Valtech Brindes | Blog\",\"description\":\"\",\"publisher\":{\"@id\":\"https:\/\/valtechbrindes.com.br\/blog\/#\/schema\/person\/a0a7f034f4d02bbfdf53321a58a81709\"},\"potentialAction\":[{\"@type\":\"SearchAction\",\"target\":{\"@type\":\"EntryPoint\",\"urlTemplate\":\"https:\/\/valtechbrindes.com.br\/blog\/?s={search_term_string}\"},\"query-input\":{\"@type\":\"PropertyValueSpecification\",\"valueRequired\":true,\"valueName\":\"search_term_string\"}}],\"inLanguage\":\"pt-BR\"},{\"@type\":[\"Person\",\"Organization\"],\"@id\":\"https:\/\/valtechbrindes.com.br\/blog\/#\/schema\/person\/a0a7f034f4d02bbfdf53321a58a81709\",\"name\":\"Bryan Badanai\",\"image\":{\"@type\":\"ImageObject\",\"inLanguage\":\"pt-BR\",\"@id\":\"https:\/\/valtechbrindes.com.br\/blog\/wp-content\/uploads\/2025\/12\/logo-valtech-1.png\",\"url\":\"https:\/\/valtechbrindes.com.br\/blog\/wp-content\/uploads\/2025\/12\/logo-valtech-1.png\",\"contentUrl\":\"https:\/\/valtechbrindes.com.br\/blog\/wp-content\/uploads\/2025\/12\/logo-valtech-1.png\",\"width\":190,\"height\":190,\"caption\":\"Bryan Badanai\"},\"logo\":{\"@id\":\"https:\/\/valtechbrindes.com.br\/blog\/wp-content\/uploads\/2025\/12\/logo-valtech-1.png\"}}]}<\/script>\n<!-- \/ Yoast SEO plugin. -->","yoast_head_json":{"title":"Blog Valtech Brindes | Estrat\u00e9gias de Fideliza\u00e7\u00e3o e Prospec\u00e7\u00e3o","description":"Explore o blog da Valtech Brindes e encontre artigos, dicas e estrat\u00e9gias para usar brindes corporativos de forma inteligente, fidelizar clientes e conquistar novos mercados.","robots":{"index":"index","follow":"follow","max-snippet":"max-snippet:-1","max-image-preview":"max-image-preview:large","max-video-preview":"max-video-preview:-1"},"canonical":"https:\/\/valtechbrindes.com.br\/blog\/","og_locale":"pt_BR","og_type":"article","og_title":"Blog Valtech Brindes | Estrat\u00e9gias de Fideliza\u00e7\u00e3o e Prospec\u00e7\u00e3o","og_description":"Explore o blog da Valtech Brindes e encontre artigos, dicas e estrat\u00e9gias para usar brindes corporativos de forma inteligente, fidelizar clientes e conquistar novos mercados.","og_url":"https:\/\/valtechbrindes.com.br\/blog\/","og_site_name":"Valtech Brindes | Blog","article_modified_time":"2025-07-22T18:14:57-03:00","twitter_card":"summary_large_image","schema":{"@context":"https:\/\/schema.org","@graph":[{"@type":"WebPage","@id":"https:\/\/valtechbrindes.com.br\/blog\/","url":"https:\/\/valtechbrindes.com.br\/blog\/","name":"Blog Valtech Brindes | Estrat\u00e9gias de Fideliza\u00e7\u00e3o e Prospec\u00e7\u00e3o","isPartOf":{"@id":"https:\/\/valtechbrindes.com.br\/blog\/#website"},"datePublished":"2025-07-22T18:14:04-03:00","dateModified":"2025-07-22T18:14:57-03:00","description":"Explore o blog da Valtech Brindes e encontre artigos, dicas e estrat\u00e9gias para usar brindes corporativos de forma inteligente, fidelizar clientes e conquistar novos mercados.","breadcrumb":{"@id":"https:\/\/valtechbrindes.com.br\/blog\/#breadcrumb"},"inLanguage":"pt-BR","potentialAction":[{"@type":"ReadAction","target":["https:\/\/valtechbrindes.com.br\/blog\/"]}]},{"@type":"BreadcrumbList","@id":"https:\/\/valtechbrindes.com.br\/blog\/#breadcrumb","itemListElement":[{"@type":"ListItem","position":1,"name":"In\u00edcio","item":"https:\/\/valtechbrindes.com.br\/blog\/"},{"@type":"ListItem","position":2,"name":"Home"}]},{"@type":"WebSite","@id":"https:\/\/valtechbrindes.com.br\/blog\/#website","url":"https:\/\/valtechbrindes.com.br\/blog\/","name":"Valtech Brindes | Blog","description":"","publisher":{"@id":"https:\/\/valtechbrindes.com.br\/blog\/#\/schema\/person\/a0a7f034f4d02bbfdf53321a58a81709"},"potentialAction":[{"@type":"SearchAction","target":{"@type":"EntryPoint","urlTemplate":"https:\/\/valtechbrindes.com.br\/blog\/?s={search_term_string}"},"query-input":{"@type":"PropertyValueSpecification","valueRequired":true,"valueName":"search_term_string"}}],"inLanguage":"pt-BR"},{"@type":["Person","Organization"],"@id":"https:\/\/valtechbrindes.com.br\/blog\/#\/schema\/person\/a0a7f034f4d02bbfdf53321a58a81709","name":"Bryan Badanai","image":{"@type":"ImageObject","inLanguage":"pt-BR","@id":"https:\/\/valtechbrindes.com.br\/blog\/wp-content\/uploads\/2025\/12\/logo-valtech-1.png","url":"https:\/\/valtechbrindes.com.br\/blog\/wp-content\/uploads\/2025\/12\/logo-valtech-1.png","contentUrl":"https:\/\/valtechbrindes.com.br\/blog\/wp-content\/uploads\/2025\/12\/logo-valtech-1.png","width":190,"height":190,"caption":"Bryan Badanai"},"logo":{"@id":"https:\/\/valtechbrindes.com.br\/blog\/wp-content\/uploads\/2025\/12\/logo-valtech-1.png"}}]}},"_links":{"self":[{"href":"https:\/\/valtechbrindes.com.br\/blog\/wp-json\/wp\/v2\/pages\/28","targetHints":{"allow":["GET"]}}],"collection":[{"href":"https:\/\/valtechbrindes.com.br\/blog\/wp-json\/wp\/v2\/pages"}],"about":[{"href":"https:\/\/valtechbrindes.com.br\/blog\/wp-json\/wp\/v2\/types\/page"}],"author":[{"embeddable":true,"href":"https:\/\/valtechbrindes.com.br\/blog\/wp-json\/wp\/v2\/users\/1"}],"replies":[{"embeddable":true,"href":"https:\/\/valtechbrindes.com.br\/blog\/wp-json\/wp\/v2\/comments?post=28"}],"version-history":[{"count":1,"href":"https:\/\/valtechbrindes.com.br\/blog\/wp-json\/wp\/v2\/pages\/28\/revisions"}],"predecessor-version":[{"id":29,"href":"https:\/\/valtechbrindes.com.br\/blog\/wp-json\/wp\/v2\/pages\/28\/revisions\/29"}],"wp:attachment":[{"href":"https:\/\/valtechbrindes.com.br\/blog\/wp-json\/wp\/v2\/media?parent=28"}],"curies":[{"name":"wp","href":"https:\/\/api.w.org\/{rel}","templated":true}]}}